{"id":148,"date":"2012-05-13T21:56:33","date_gmt":"2012-05-13T20:56:33","guid":{"rendered":"http:\/\/friseur-haensel.de\/?page_id=148"},"modified":"2021-12-28T16:29:35","modified_gmt":"2021-12-28T15:29:35","slug":"impressum","status":"publish","type":"page","link":"https:\/\/friseur-kosmetik-haensel.de\/?page_id=148","title":{"rendered":"Impressum"},"content":{"rendered":"<p>Inhaberin<\/p>\n<p>Friseurmeisterin Birgit Marquardt<br \/>\nDohnaer Str. 24<br \/>\n01219 Dresden<br \/>\nTel. : 0351\/4726543<br \/>\nEmail: <a href=\"javascript:secureDecryptAndNavigate('IyQ\/9VxV7Sz7T8OLq0b7ggGzVVatiPjkL6uOQ\/NVNKMJfjCg1kvqEsnWSr3eYAdBB9EsQb+8rYXXLEc+8NnpS3qI9JGMJm706UTm8xUAjPcD4fkH0jYGb5vtxvfHZsO1Eg==', 'c15830157cb8025f6c55ee4327eca460213b06a45a7ead1c70254f90d68abdc4')\">birgit.haensel[at]friseur-kosmetik-haensel.de<\/a><br \/>\nInternet: www.friseur-kosmetik-haensel.de<\/p>\n<p>Zust\u00e4ndige Kammer: Handwerkskammer Dresden<br \/>\nAm Lagerplatz 8, 01099 Dresden<br \/>\nBerufsbezeichnung: Friseurmeister (verliehen in der<br \/>\nBundesrepublik Deutschland)<\/p>\n<p>Berufsrechtliche Regelungen:<br \/>\nHandwerksordnung<br \/>\n(zu finden im Bundesgesetzblatt I, Seite 3074<br \/>\nin der Fassung vom 24. September 1998)<\/p>\n<p><em>Rechtliche Hinweise:<\/em><\/p>\n<p>&nbsp;<\/p>\n<p><em>Mit Urteil vom 12. Mai 1998 hat das Landgericht Hamburg entschieden, dass man durch die Ausbringung eines Links die Inhalte der gelinkten Seite ggf. mit zu verantworten hat. Dies kann, so das LG, nur dadurch verhindert werden, dass man sich ausdr\u00fccklich von diesen Inhalten distanziert. Wir haben auf unseren Seiten Links zu anderen Seiten im Internet gesetzt. F\u00fcr alle diese Links gilt: Wir erkl\u00e4ren ausdr\u00fccklich, dass wir keinerlei Einfluss auf die Gestaltung und die Inhalte der gelinkten Seiten haben. Deshalb distanzieren wir uns hiermit ausdr\u00fccklich von allen Inhalten aller gelinkten Seiten auf dieser Homepage und machen uns diese Inhalte nicht zu Eigen. Diese Erkl\u00e4rung gilt f\u00fcr alle auf der Internetpr\u00e4senz angezeigten Links und f\u00fcr alle Inhalte der Seiten, zu denen die Links f\u00fchren.<\/em><\/p>\n<p>&nbsp;<\/p>\n<p><em>&nbsp;<\/em><\/p>\n","protected":false},"excerpt":{"rendered":"<p>Inhaberin Friseurmeisterin Birgit Marquardt Dohnaer Str. 24 01219 Dresden Tel. : 0351\/4726543 Email: birgit.haensel[at]friseur-kosmetik-haensel.de Internet: www.friseur-kosmetik-haensel.de Zust\u00e4ndige Kammer: Handwerkskammer Dresden Am Lagerplatz 8, 01099 Dresden Berufsbezeichnung: Friseurmeister (verliehen in der Bundesrepublik Deutschland) Berufsrechtliche Regelungen: Handwerksordnung (zu finden im Bundesgesetzblatt I, &hellip; <a href=\"https:\/\/friseur-kosmetik-haensel.de\/?page_id=148\">Weiterlesen <span class=\"meta-nav\">&rarr;<\/span><\/a><\/p>\n","protected":false},"author":3,"featured_media":0,"parent":0,"menu_order":99,"comment_status":"closed","ping_status":"closed","template":"onecolumn-page.php","meta":{"_monsterinsights_skip_tracking":false,"_monsterinsights_sitenote_active":false,"_monsterinsights_sitenote_note":"","_monsterinsights_sitenote_category":0,"ngg_post_thumbnail":0,"footnotes":"","_links_to":"","_links_to_target":""},"class_list":["post-148","page","type-page","status-publish","hentry"],"aioseo_notices":[],"_links":{"self":[{"href":"https:\/\/friseur-kosmetik-haensel.de\/index.php?rest_route=\/wp\/v2\/pages\/148","targetHints":{"allow":["GET"]}}],"collection":[{"href":"https:\/\/friseur-kosmetik-haensel.de\/index.php?rest_route=\/wp\/v2\/pages"}],"about":[{"href":"https:\/\/friseur-kosmetik-haensel.de\/index.php?rest_route=\/wp\/v2\/types\/page"}],"author":[{"embeddable":true,"href":"https:\/\/friseur-kosmetik-haensel.de\/index.php?rest_route=\/wp\/v2\/users\/3"}],"replies":[{"embeddable":true,"href":"https:\/\/friseur-kosmetik-haensel.de\/index.php?rest_route=%2Fwp%2Fv2%2Fcomments&post=148"}],"version-history":[{"count":5,"href":"https:\/\/friseur-kosmetik-haensel.de\/index.php?rest_route=\/wp\/v2\/pages\/148\/revisions"}],"predecessor-version":[{"id":898,"href":"https:\/\/friseur-kosmetik-haensel.de\/index.php?rest_route=\/wp\/v2\/pages\/148\/revisions\/898"}],"wp:attachment":[{"href":"https:\/\/friseur-kosmetik-haensel.de\/index.php?rest_route=%2Fwp%2Fv2%2Fmedia&parent=148"}],"curies":[{"name":"wp","href":"https:\/\/api.w.org\/{rel}","templated":true}]}}