{"id":162,"date":"2012-06-07T20:19:07","date_gmt":"2012-06-07T19:19:07","guid":{"rendered":"http:\/\/friseur-haensel.de\/?page_id=162"},"modified":"2022-03-02T17:37:49","modified_gmt":"2022-03-02T16:37:49","slug":"haarpflege","status":"publish","type":"page","link":"https:\/\/friseur-kosmetik-haensel.de\/?page_id=162","title":{"rendered":"Haarpflege"},"content":{"rendered":"<p style=\"text-align: center;\">Unser Haar ist lebenslangen Strapazen ausgesetzt z.B. durch Umwelteinfl\u00fcsse wie Sonne, Wind, Salz- und Chlorwasser oder falscher Ern\u00e4hrung. Die Folge dessen ist eine Sch\u00e4digung der Schuppenschicht. Die Belastung von Haar und Kopfhaut muss deshalb ausgeglichen werden. Eine gesunde Haarstruktur zu erhalten, ist eine Frage der richtigen Pflege.<\/p>\n<p style=\"text-align: center;\"><strong>Wie pflege ich richtig?<\/strong><\/p>\n<p><img loading=\"lazy\" decoding=\"async\" class=\"alignnone wp-image-982 size-medium\" title=\"sp1\" src=\"https:\/\/friseur-kosmetik-haensel.de\/wp-content\/uploads\/2022\/03\/IMG_20220226_130540-300x135.jpg\" alt=\"\" width=\"300\" height=\"135\" srcset=\"https:\/\/friseur-kosmetik-haensel.de\/wp-content\/uploads\/2022\/03\/IMG_20220226_130540-300x135.jpg 300w, https:\/\/friseur-kosmetik-haensel.de\/wp-content\/uploads\/2022\/03\/IMG_20220226_130540-1024x461.jpg 1024w, https:\/\/friseur-kosmetik-haensel.de\/wp-content\/uploads\/2022\/03\/IMG_20220226_130540-768x346.jpg 768w, https:\/\/friseur-kosmetik-haensel.de\/wp-content\/uploads\/2022\/03\/IMG_20220226_130540-1536x691.jpg 1536w, https:\/\/friseur-kosmetik-haensel.de\/wp-content\/uploads\/2022\/03\/IMG_20220226_130540-2048x922.jpg 2048w\" sizes=\"auto, (max-width: 300px) 100vw, 300px\" \/> &nbsp; <img loading=\"lazy\" decoding=\"async\" class=\"wp-image-1027 alignnone\" src=\"https:\/\/friseur-kosmetik-haensel.de\/wp-content\/uploads\/2022\/03\/IMG_20220226_131536_Bokeh-226x300.jpg\" alt=\"\" width=\"147\" height=\"195\" srcset=\"https:\/\/friseur-kosmetik-haensel.de\/wp-content\/uploads\/2022\/03\/IMG_20220226_131536_Bokeh-226x300.jpg 226w, https:\/\/friseur-kosmetik-haensel.de\/wp-content\/uploads\/2022\/03\/IMG_20220226_131536_Bokeh-770x1024.jpg 770w, https:\/\/friseur-kosmetik-haensel.de\/wp-content\/uploads\/2022\/03\/IMG_20220226_131536_Bokeh-768x1021.jpg 768w, https:\/\/friseur-kosmetik-haensel.de\/wp-content\/uploads\/2022\/03\/IMG_20220226_131536_Bokeh-1155x1536.jpg 1155w, https:\/\/friseur-kosmetik-haensel.de\/wp-content\/uploads\/2022\/03\/IMG_20220226_131536_Bokeh-1540x2048.jpg 1540w, https:\/\/friseur-kosmetik-haensel.de\/wp-content\/uploads\/2022\/03\/IMG_20220226_131536_Bokeh-scaled.jpg 1925w\" sizes=\"auto, (max-width: 147px) 100vw, 147px\" \/><\/p>\n<p style=\"text-align: center;\">Die richtige Haarpflege f\u00e4ngt schon beim Shampoo an. So individuell wie unsere Kunden sind, so professionell sind unseren neuen Qualit\u00e4tsprodukte von <strong>GLYNT<sup><span class=\"ILfuVd\"><span class=\"hgKElc\">\u00ae <\/span><\/span><\/sup><\/strong> geht es in erster Linie darum, Ihnen individuelle Haarpflege zu bieten und alle Komponenten bereit zu stellen, um sch\u00f6nes Haar zu schaffen. Weil jedes Haar auf dem Kopf auf unterschiedlich Art und Weise nach Ber\u00fchrung, Duft und Pflege verlangt, wirkt jedes <strong>GLYNT<sup><span class=\"ILfuVd\"><span class=\"hgKElc\">\u00ae <\/span><\/span><\/sup><\/strong> Produkt absolut einzigartig und individuell.<\/p>\n<p><img loading=\"lazy\" decoding=\"async\" class=\"alignnone wp-image-1040 size-medium\" style=\"margin: 5px 10px 5px 10px;\" title=\"sp2\" src=\"https:\/\/friseur-kosmetik-haensel.de\/wp-content\/uploads\/2022\/03\/IMG_20220226_131958_Bokeh-300x226.jpg\" alt=\"\" width=\"300\" height=\"226\" srcset=\"https:\/\/friseur-kosmetik-haensel.de\/wp-content\/uploads\/2022\/03\/IMG_20220226_131958_Bokeh-300x226.jpg 300w, https:\/\/friseur-kosmetik-haensel.de\/wp-content\/uploads\/2022\/03\/IMG_20220226_131958_Bokeh-1024x770.jpg 1024w, https:\/\/friseur-kosmetik-haensel.de\/wp-content\/uploads\/2022\/03\/IMG_20220226_131958_Bokeh-768x578.jpg 768w, https:\/\/friseur-kosmetik-haensel.de\/wp-content\/uploads\/2022\/03\/IMG_20220226_131958_Bokeh-1536x1155.jpg 1536w, https:\/\/friseur-kosmetik-haensel.de\/wp-content\/uploads\/2022\/03\/IMG_20220226_131958_Bokeh-2048x1540.jpg 2048w\" sizes=\"auto, (max-width: 300px) 100vw, 300px\" \/><img loading=\"lazy\" decoding=\"async\" class=\"alignnone size-medium wp-image-1031\" src=\"https:\/\/friseur-kosmetik-haensel.de\/wp-content\/uploads\/2022\/03\/IMG_20220226_131633_Bokeh-226x300.jpg\" alt=\"\" width=\"226\" height=\"300\" srcset=\"https:\/\/friseur-kosmetik-haensel.de\/wp-content\/uploads\/2022\/03\/IMG_20220226_131633_Bokeh-226x300.jpg 226w, https:\/\/friseur-kosmetik-haensel.de\/wp-content\/uploads\/2022\/03\/IMG_20220226_131633_Bokeh-770x1024.jpg 770w, https:\/\/friseur-kosmetik-haensel.de\/wp-content\/uploads\/2022\/03\/IMG_20220226_131633_Bokeh-768x1021.jpg 768w, https:\/\/friseur-kosmetik-haensel.de\/wp-content\/uploads\/2022\/03\/IMG_20220226_131633_Bokeh-1155x1536.jpg 1155w, https:\/\/friseur-kosmetik-haensel.de\/wp-content\/uploads\/2022\/03\/IMG_20220226_131633_Bokeh-1540x2048.jpg 1540w, https:\/\/friseur-kosmetik-haensel.de\/wp-content\/uploads\/2022\/03\/IMG_20220226_131633_Bokeh-scaled.jpg 1925w\" sizes=\"auto, (max-width: 226px) 100vw, 226px\" \/><\/p>\n<p style=\"text-align: center;\">Sie sehen, bei uns finden Sie f\u00fcr jedes Haarproblem perfekt abgestimmte, friseurexclusive Produkte f\u00fcr strukturgesch\u00e4digtes, trockenes, feines, dauergewelltes und coloriertes Haar und empfindliche Kopfhaut, die in der Kombination aus Shampoo und Kur ihre volle Wirkung erzielen. Nat\u00fcrlich k\u00f6nnen&nbsp;Sie diese <strong>GLYNT<sup><span class=\"ILfuVd\"><span class=\"hgKElc\">\u00ae <\/span><\/span><\/sup><\/strong>Produkte bei uns auch erwerben, um Ihr Haar auch zu Hause weiter zu verw\u00f6hnen.<\/p>\n<p style=\"text-align: center;\">Auch das Werkzeug ist bei der Haarpflege entscheidend. K\u00e4mme und B\u00fcrsten sollten Qualit\u00e4tsprodukte sein, zu hei\u00dfes F\u00f6nen nehmen Ihre Haare krumm, au\u00dferdem verwenden Sie auch keine scharfkantigen Spangen, sondern besser aus nat\u00fcrlichen Materialien.<\/p>\n\n","protected":false},"excerpt":{"rendered":"<p>Unser Haar ist lebenslangen Strapazen ausgesetzt z.B. durch Umwelteinfl\u00fcsse wie Sonne, Wind, Salz- und Chlorwasser oder falscher Ern\u00e4hrung. Die Folge dessen ist eine Sch\u00e4digung der Schuppenschicht. Die Belastung von Haar und Kopfhaut muss deshalb ausgeglichen werden. Eine gesunde Haarstruktur zu &hellip; <a href=\"https:\/\/friseur-kosmetik-haensel.de\/?page_id=162\">Weiterlesen <span class=\"meta-nav\">&rarr;<\/span><\/a><\/p>\n","protected":false},"author":3,"featured_media":0,"parent":0,"menu_order":3,"comment_status":"closed","ping_status":"closed","template":"onecolumn-page.php","meta":{"_monsterinsights_skip_tracking":false,"_monsterinsights_sitenote_active":false,"_monsterinsights_sitenote_note":"","_monsterinsights_sitenote_category":0,"ngg_post_thumbnail":0,"footnotes":"","_links_to":"","_links_to_target":""},"class_list":["post-162","page","type-page","status-publish","hentry"],"aioseo_notices":[],"_links":{"self":[{"href":"https:\/\/friseur-kosmetik-haensel.de\/index.php?rest_route=\/wp\/v2\/pages\/162","targetHints":{"allow":["GET"]}}],"collection":[{"href":"https:\/\/friseur-kosmetik-haensel.de\/index.php?rest_route=\/wp\/v2\/pages"}],"about":[{"href":"https:\/\/friseur-kosmetik-haensel.de\/index.php?rest_route=\/wp\/v2\/types\/page"}],"author":[{"embeddable":true,"href":"https:\/\/friseur-kosmetik-haensel.de\/index.php?rest_route=\/wp\/v2\/users\/3"}],"replies":[{"embeddable":true,"href":"https:\/\/friseur-kosmetik-haensel.de\/index.php?rest_route=%2Fwp%2Fv2%2Fcomments&post=162"}],"version-history":[{"count":11,"href":"https:\/\/friseur-kosmetik-haensel.de\/index.php?rest_route=\/wp\/v2\/pages\/162\/revisions"}],"predecessor-version":[{"id":1047,"href":"https:\/\/friseur-kosmetik-haensel.de\/index.php?rest_route=\/wp\/v2\/pages\/162\/revisions\/1047"}],"wp:attachment":[{"href":"https:\/\/friseur-kosmetik-haensel.de\/index.php?rest_route=%2Fwp%2Fv2%2Fmedia&parent=162"}],"curies":[{"name":"wp","href":"https:\/\/api.w.org\/{rel}","templated":true}]}}

<p style="text-align: center;">Unser Haar ist lebenslangen Strapazen ausgesetzt z.B. durch Umwelteinflüsse wie Sonne, Wind, Salz- und Chlorwasser oder falscher Ernährung. Die Folge dessen ist eine Schädigung der Schuppenschicht. Die Belastung von Haar und Kopfhaut muss deshalb ausgeglichen werden. Eine gesunde Haarstruktur zu erhalten, ist eine Frage der richtigen Pflege.</p>
<p style="text-align: center;"><strong>Wie pflege ich richtig?</strong></p>
<p><img loading="lazy" decoding="async" class="alignnone wp-image-982 size-medium" title="sp1" src="https://friseur-kosmetik-haensel.de/wp-content/uploads/2022/03/IMG_20220226_130540-300x135.jpg" alt="" width="300" height="135" srcset="https://friseur-kosmetik-haensel.de/wp-content/uploads/2022/03/IMG_20220226_130540-300x135.jpg 300w, https://friseur-kosmetik-haensel.de/wp-content/uploads/2022/03/IMG_20220226_130540-1024x461.jpg 1024w, https://friseur-kosmetik-haensel.de/wp-content/uploads/2022/03/IMG_20220226_130540-768x346.jpg 768w, https://friseur-kosmetik-haensel.de/wp-content/uploads/2022/03/IMG_20220226_130540-1536x691.jpg 1536w, https://friseur-kosmetik-haensel.de/wp-content/uploads/2022/03/IMG_20220226_130540-2048x922.jpg 2048w" sizes="auto, (max-width: 300px) 100vw, 300px" /> &nbsp; <img loading="lazy" decoding="async" class="wp-image-1027 alignnone" src="https://friseur-kosmetik-haensel.de/wp-content/uploads/2022/03/IMG_20220226_131536_Bokeh-226x300.jpg" alt="" width="147" height="195" srcset="https://friseur-kosmetik-haensel.de/wp-content/uploads/2022/03/IMG_20220226_131536_Bokeh-226x300.jpg 226w, https://friseur-kosmetik-haensel.de/wp-content/uploads/2022/03/IMG_20220226_131536_Bokeh-770x1024.jpg 770w, https://friseur-kosmetik-haensel.de/wp-content/uploads/2022/03/IMG_20220226_131536_Bokeh-768x1021.jpg 768w, https://friseur-kosmetik-haensel.de/wp-content/uploads/2022/03/IMG_20220226_131536_Bokeh-1155x1536.jpg 1155w, https://friseur-kosmetik-haensel.de/wp-content/uploads/2022/03/IMG_20220226_131536_Bokeh-1540x2048.jpg 1540w, https://friseur-kosmetik-haensel.de/wp-content/uploads/2022/03/IMG_20220226_131536_Bokeh-scaled.jpg 1925w" sizes="auto, (max-width: 147px) 100vw, 147px" /></p>
<p style="text-align: center;">Die richtige Haarpflege fängt schon beim Shampoo an. So individuell wie unsere Kunden sind, so professionell sind unseren neuen Qualitätsprodukte von <strong>GLYNT<sup><span class="ILfuVd"><span class="hgKElc">® </span></span></sup></strong> geht es in erster Linie darum, Ihnen individuelle Haarpflege zu bieten und alle Komponenten bereit zu stellen, um schönes Haar zu schaffen. Weil jedes Haar auf dem Kopf auf unterschiedlich Art und Weise nach Berührung, Duft und Pflege verlangt, wirkt jedes <strong>GLYNT<sup><span class="ILfuVd"><span class="hgKElc">® </span></span></sup></strong> Produkt absolut einzigartig und individuell.</p>
<p><img loading="lazy" decoding="async" class="alignnone wp-image-1040 size-medium" style="margin: 5px 10px 5px 10px;" title="sp2" src="https://friseur-kosmetik-haensel.de/wp-content/uploads/2022/03/IMG_20220226_131958_Bokeh-300x226.jpg" alt="" width="300" height="226" srcset="https://friseur-kosmetik-haensel.de/wp-content/uploads/2022/03/IMG_20220226_131958_Bokeh-300x226.jpg 300w, https://friseur-kosmetik-haensel.de/wp-content/uploads/2022/03/IMG_20220226_131958_Bokeh-1024x770.jpg 1024w, https://friseur-kosmetik-haensel.de/wp-content/uploads/2022/03/IMG_20220226_131958_Bokeh-768x578.jpg 768w, https://friseur-kosmetik-haensel.de/wp-content/uploads/2022/03/IMG_20220226_131958_Bokeh-1536x1155.jpg 1536w, https://friseur-kosmetik-haensel.de/wp-content/uploads/2022/03/IMG_20220226_131958_Bokeh-2048x1540.jpg 2048w" sizes="auto, (max-width: 300px) 100vw, 300px" /><img loading="lazy" decoding="async" class="alignnone size-medium wp-image-1031" src="https://friseur-kosmetik-haensel.de/wp-content/uploads/2022/03/IMG_20220226_131633_Bokeh-226x300.jpg" alt="" width="226" height="300" srcset="https://friseur-kosmetik-haensel.de/wp-content/uploads/2022/03/IMG_20220226_131633_Bokeh-226x300.jpg 226w, https://friseur-kosmetik-haensel.de/wp-content/uploads/2022/03/IMG_20220226_131633_Bokeh-770x1024.jpg 770w, https://friseur-kosmetik-haensel.de/wp-content/uploads/2022/03/IMG_20220226_131633_Bokeh-768x1021.jpg 768w, https://friseur-kosmetik-haensel.de/wp-content/uploads/2022/03/IMG_20220226_131633_Bokeh-1155x1536.jpg 1155w, https://friseur-kosmetik-haensel.de/wp-content/uploads/2022/03/IMG_20220226_131633_Bokeh-1540x2048.jpg 1540w, https://friseur-kosmetik-haensel.de/wp-content/uploads/2022/03/IMG_20220226_131633_Bokeh-scaled.jpg 1925w" sizes="auto, (max-width: 226px) 100vw, 226px" /></p>
<p style="text-align: center;">Sie sehen, bei uns finden Sie für jedes Haarproblem perfekt abgestimmte, friseurexclusive Produkte für strukturgeschädigtes, trockenes, feines, dauergewelltes und coloriertes Haar und empfindliche Kopfhaut, die in der Kombination aus Shampoo und Kur ihre volle Wirkung erzielen. Natürlich können&nbsp;Sie diese <strong>GLYNT<sup><span class="ILfuVd"><span class="hgKElc">® </span></span></sup></strong>Produkte bei uns auch erwerben, um Ihr Haar auch zu Hause weiter zu verwöhnen.</p>
<p style="text-align: center;">Auch das Werkzeug ist bei der Haarpflege entscheidend. Kämme und Bürsten sollten Qualitätsprodukte sein, zu heißes Fönen nehmen Ihre Haare krumm, außerdem verwenden Sie auch keine scharfkantigen Spangen, sondern besser aus natürlichen Materialien.</p>

<p>Unser Haar ist lebenslangen Strapazen ausgesetzt z.B. durch Umwelteinflüsse wie Sonne, Wind, Salz- und Chlorwasser oder falscher Ernährung. Die Folge dessen ist eine Schädigung der Schuppenschicht. Die Belastung von Haar und Kopfhaut muss deshalb ausgeglichen werden. Eine gesunde Haarstruktur zu &hellip; <a href="https://friseur-kosmetik-haensel.de/?page_id=162">Weiterlesen <span class="meta-nav">&rarr;</span></a></p>
